ime?
True
Is 49343851 composite?
False
Is 11265209 prime?
True
Is 3444563 a composite number?
False
Is 4479481 a prime number?
True
Is 790567207 a composite number?
True
Is 42192133 a composite number?
True
Is 7125163 a prime number?
False
Is 32081839 a prime number?
False
Is 14700809 a composite number?
False
Is 61050877 a composite number?
True
Is 91121827 composite?
True
Is 30629441 composite?
True
Is 1299691 a prime number?
False
Is 1399663 prime?
True
Is 13831429 a composite number?
True
Is 3680533 a composite number?
False
Is 29508289 composite?
False
Is 52016683 prime?
True
Is 989567 a prime number?
False
Is 182803 composite?
False
Is 486377 a prime number?
True
Is 119650073 composite?
False
Is 6533227 a composite number?
True
Is 3954281 prime?
True
Is 46607651 composite?
False
Is 34444367 prime?
False
Is 46306099 composite?
True
Is 1313041 prime?
True
Is 1969889 a prime number?
True
Is 133352719 prime?
True
Is 6780901 a prime number?
True
Is 8812411 prime?
True
Is 44147093 a composite number?
False
Is 3142369 composite?
True
Is 42784127 a prime number?
True
Is 1276349 composite?
True
Is 60597121 a composite number?
True
Is 7747081 a prime number?
True
Is 104503349 a composite number?
False
Is 9395491 a prime number?
False
Is 21485489 prime?
True
Is 494807 a composite number?
True
Is 3930653 a prime number?
True
Is 469913 a composite number?
True
Is 823399 a prime number?
True
Is 1955381 a prime number?
True
Is 32493203 prime?
False
Is 1911121 a composite number?
False
Is 7810291 a composite number?
False
Is 10106399 a composite number?
False
Is 24146873 a composite number?
True
Is 14646161 a composite number?
True
Is 643789 a composite number?
True
Is 192725479 composite?
False
Is 3615637 composite?
True
Is 3071923 composite?
False
Is 334771 composite?
False
Is 1086385535 composite?
True
Is 12496493 prime?
True
Is 2120773 composite?
True
Is 541693 prime?
True
Is 16713001 prime?
True
Is 12889061 a composite number?
True
Is 65439779 a prime number?
True
Is 12420097 a composite number?
False
Is 44089421 a composite number?
True
Is 658883 a composite number?
False
Is 499518287 a prime number?
True
Is 220447 a composite number?
False
Is 3354803 a prime number?
False
Is 72671195 a composite number?
True
Is 2108266 a prime number?
False
Is 63401797 a composite number?
False
Is 1494931 a prime number?
False
Is 13614493 a prime number?
True
Is 1314371 prime?
True
Is 81259457 a prime number?
True
Is 103234609 a composite number?
False
Is 615269 a prime number?
True
Is 12552677 a composite number?
False
Is 4291523 a composite number?
True
Is 1411471 a prime number?
True
Is 13305451 composite?
False
Is 5987077 composite?
True
Is 60684847 prime?
False
Is 144180863 a prime number?
True
Is 378771 composite?
True
Is 4699657 a composite number?
False
Is 67344143 a composite number?
False
Is 7383073 composite?
False
Is 107717333 composite?
False
Is 13072109 composite?
False
Is 258101 a composite number?
False
Is 3551027 a composite number?
False
Is 18746071 prime?
True
Is 105817169 prime?
True
Is 4387319 composite?
True
Is 51459613 a prime number?
True
Is 1774151 prime?
False
Is 96151435 composite?
True
Is 346731839 prime?
True
Is 4557019 a prime number?
False
Is 24202417 a composite number?
True
Is 3108103 a composite number?
False
Is 92812297 composite?
False
Is 149516957 a prime number?
True
Is 1722647 a prime number?
True
Is 2473547 a prime number?
True
Is 11490571 prime?
True
Is 400150171 composite?
True
Is 608177643 a composite number?
True
Is 8089033 a composite number?
False
Is 141831413 prime?
False
Is 373503371 composite?
True
Is 381101 a composite number?
True
Is 13881509 prime?
True
Is 1107989 a composite number?
False
Is 124650553 prime?
False
Is 23288845 a composite number?
True
Is 33380561 a prime number?
False
Is 4169807 prime?
True
Is 63427367 a composite number?
True
Is 1334681 a composite number?
False
Is 2960079 a prime number?
False
Is 10774769 prime?
False
Is 194678119 a composite number?
False
Is 618799 composite?
False
Is 117896447 a prime number?
True
Is 5978093 a composite number?
True
Is 790211797 a composite number?
False
Is 20590327 composite?
False
Is 295002434 prime?
False
Is 184504471 a composite number?
False
Is 13002931 a composite number?
True
Is 4965403 a composite number?
True
Is 1195919 a composite number?
False
Is 972869 prime?
True
Is 8174723 a composite number?
True
Is 7822109 composite?
False
Is 1320607 a composite number?
False
Is 6115313 prime?
True
Is 645659 a prime number?
False
Is 96506897 prime?
True
Is 21262897 prime?
True
Is 402502637 prime?
True
Is 2814041 a composite number?
False
Is 3519227 prime?
True
Is 1237759 prime?
False
Is 1666495 composite?
True
Is 11829397 composite?
True
Is 23382935 a composite number?
True
Is 86634817 composite?
False
Is 726043 a composite number?
False
Is 4000307 composite?
True
Is 546695381 prime?
True
Is 26948557 prime?
True
Is 103424858 prime?
False
Is 475582 a composite number?
True
Is 286925357 composite?
True
Is 20103487 a prime number?
True
Is 9409181 composite?
False
Is 1147127 prime?
True
Is 41885039 prime?
False
Is 46413989 composite?
False
Is 448374413 prime?
True
Is 130665877 prime?
True
Is 1900403 prime?
False
Is 2029387 prime?
True
Is 842123 a prime number?
False
Is 57005207 composite?
True
Is 3844067 a composite number?
False
Is 8786567 a composite number?
True
Is 27745063 a composite number?
False
Is 7751109 composite?
True
Is 243032927 a composite number?
True
Is 37426255 prime?
False
Is 3337561 prime?
True
Is 1184153 prime?
False
Is 3498093609 prime?
False
Is 337555 prime?
False
Is 689761 prime?
True
Is 15359609 a prime number?
True
Is 393514621 prime?
True
Is 10773433 a composite number?
True
Is 212572979 prime?
False
Is 13952861 prime?
False
Is 107051411 a prime number?
True
Is 3394553 prime?
True
Is 86028931 prime?
True
Is 1828583 prime?
True
Is 3054827 prime?
True
Is 56119 prime?
False
Is 578101 a composite number?
True
Is 1001467 a composite number?
False
Is 7160227 prime?
True
Is 246679421 composite?
False
Is 288317387 composite?
False
Is 2157205 prime?
False
Is 215443129 composite?
True
Is 17833623 a composite number?
True
Is 93975699 a composite number?
True
Is 153970345 a composite number?
True
Is 590330609 a composite number?
True
Is 109363573 prime?
False
Is 253794973 prime?
False
Is 1153740637 prime?
False
Is 2121517 a prime number?
False
Is 27245671 a prime number?
False
Is 266909 composite?
False
Is 2465845 a composite number?
True
Is 209913023 a prime number?
True
Is 176842769 a prime number?
True
Is 366128257 a prime number?
False
Is 1004233 a prime number?
True
Is 21836891 a prime number?
False
Is 42943627 prime?
False
Is 8566034 prime?
False
Is 2713279 prime?
False
Is 707789 a prime number?
True
Is 51646643 prime?
True
Is 81695 a composite number?
True
Is 32147801 a composite number?
True
Is 4744639 a prime number?
True
Is 40782578 composite?
True
Is 1642579 a prime number?
True
Is 201403429 a prime number?
False
Is 37030519 a composite number?
False
Is 29060107 a prime number?
True
Is 20335649 prime?
False
Is 8951279 a composite number?
True
Is 13729297 prime?
True
Is 19697501 a composite number?
True
Is 85068089 prime?
False
Is 3107177 a prime number?
True
Is 420692213 composite?
False
Is 71774481 prime?
False
Is 117238637 a prime number?
True
Is 2917235 prime?
False
Is 110592827 a prime number?
False
Is 88493 a prime number?
True
Is 4570577 a composite number?
True
Is 258558017 prime?
False
Is 127321357 composite?
False
Is 8688739 composite?
False
Is 605783641 prime?
True
Is 121643957 composite?
True
Is 7718279 prime?
True
Is 1569671 a composite number?
True
Is 5357263 a composite number?
True
Is 8031653 a composite number?
True
Is 62884589 prime?
True
Is 4292831 a prime number?
False
Is 364602871 prime?
False
Is 285191 composite?
False
Is 7966549 a prime number?
True
Is 14448919 a prime number?
True
Is 31463843 a prime number?
True
Is 1493783 prime?
True
Is 2327947 a prime number?
False
Is 5173499 a prime number?
True
Is 41275667 a prime number?
True
Is 3973847 composite?
False
Is 26111197 composite?
True
Is 14540717 prime?
True
Is 1525519 prime?
False
Is 92426681 a prime number?
True
Is 13145227 a prime number?
False
Is 68122248